).
-1
Let q(p) = 2*p**2 - 5*p + 3. Suppose 10 = -5*z + 5*x, -14*z = -13*z + 4*x - 23. Calculate q(z).
6
Let l(c) = 7*c + 1. Let v(h) = h**2 + 4*h - 48. Let d be v(-9). Give l(d).
-20
Let j(f) = f**3 + 10*f**2 + 8*f - 13. Let d = 169 + -178. Calculate j(d).
-4
Let h(d) = -10*d - 1. Let x(f) = -f**3 - 7*f**2 + 9*f + 7. Let v be 9/4*-1*4. Let l be v*(0 + 1) - -1. Let n be x(l). Determine h(n).
9
Let f(s) = -s**3 + 7*s**2 - 7*s - 6. Let p(m) = m**3 - m + 6. Let x be p(0). Suppose x*b + 23 = -31. Let n be b/27*-9*2. What is f(n)?
-12
Let p(l) = l - 12. Suppose -3*a + 8*a - 21 = -2*n, 4*a - 3*n = 26. Determine p(a).
-7
Suppose -5*z - n + 9 = 0, -4*n + 2 = -z + 4*z. Let w(b) = b**2 + 0*b**2 + 0*b**2 - 2*b**z - 2*b**3 - b + 2. Give w(-2).
16
Let u be ((-31)/10 - 2) + 25/250. Let v be 1*(1 - 0 - -2). Let s(c) = c + 4 - 2*c + v*c. Calculate s(u).
-6
Let m(z) = z**2 - 2. Let n be (-3)/(-4) + (-15)/4. Let g be 3 + 6/(-2) + 8 + n. Determine m(g).
23
Let x(j) = -3*j - 2. Suppose -5 = 5*v + 3*a, -3*v + 30 = -5*a - 1. Let z(u) = -3*u + 9. Let s be z(v). Give x(s).
-11
Let p(q) be the first derivative of q**4/4 + 2*q**3 - 3*q**2/2 - 2*q + 581. Determine p(-3).
34
Let t be 32/(-72) - (340/(-9))/(-5). Let z(c) = -c**2 - 9*c. Give z(t).
8
Suppose 0 = -4*x + 12 - 4, 5*z = -x + 7. Let k(p) = -p**2 - 6*p. Let a(h) = h - 1. Let o(y) = z*k(y) + 3*a(y). Let g be (5/30*-4)/((-10)/(-45)). What is o(g)?
-3
Let m(v) = v**3 + 27*v**2 - 27*v + 19. Let b = -23 - 5. Let p be m(b). Let f(q) = q**3 + 9*q**2 + q + 7. What is f(p)?
-2
Suppose -5*n + 2*k = 221, -k = -4*n - 2*k - 182. Let b = -51 - n. Let v(z) = -z - 5. Calculate v(b).
1
Suppose -4*b = -3*l + 5*l - 4, l - 3*b - 2 = 0. Suppose 2*p = 13 - 5. Let n(i) = 38 + i - 36 - p*i. Give n(l).
-4
Let q(k) = k - 7. Let c(u) = 10. Let r(j) = 4*c(j) + 5*q(j). Determine r(-6).
-25
Let j(m) be the second derivative of m**3/3 + 7*m**2/2 + 2*m. Suppose 25 = -16*w + 21*w. Determine j(w).
17
Suppose 5*p + 3*y = 0, p = 6*p - 4*y - 35. Let s(l) = -l**2 + 4*l. Determine s(p).
3
Let c(l) be the second derivative of 3*l**3/2 - 7*l**2/2 - 9*l. Let g be c(3). Let p = 19 - g. Let b(k) = -5*k**2 - k - 1. Determine b(p).
-5
Let q(y) = 2 + y**2 + 11 - 6 - 14*y + 6. What is q(11)?
-20
Let b(w) = -1 + 2*w - w**2 - 3*w - 4*w - 3. What is b(-5)?
-4
Let b(v) = 2*v**3 - v**2 - 3*v + 1. Let p be b(2). Let t(d) = -3*d - d**3 + 5*d + 6 - 664*d**2 + 4*d + 670*d**2. What is t(p)?
-1
Let o(q) = -q**3 - 10*q**2 + 8*q - 25. Suppose 83*x - 81*x = -22. Give o(x).
8
Let x = 14 + -11. Let i(z) = -z + 7 + 5*z**2 - 5 + 3 - x*z. Let m(q) = 6*q**2 - 4*q + 5. Let t(p) = 7*i(p) - 6*m(p). Determine t(-4).
5
Let z(x) = x**2 + 5*x + 11. Let c(t) = -1. Let l = -80 + 74. Let h(q) = l*c(q) - z(q). What is h(-5)?
-5
Let d(a) = -a + 7. Let f(v) = -v**3 + 5*v**2 + 16*v - 17. Let o be f(7). Let c be (-371)/(-77) + o*6/(-99). Give d(c).
2
Suppose -16*v + 42 = -9*v. Let r(u) = v - 4 + 9*u - 7*u**2 - u**3 + 5 + 3. Calculate r(-8).
2
Let i = 52 + -49. Suppose -9*x + 66 = i. Let l(z) = -z**2 + 6*z + 3. Give l(x).
-4
Let z be -3 - (2 - (7 + 2)). Suppose k - 16 = 2*m, 5*k + z*m - 3*m = 80. Let n = -15 + k. Let r(i) = -5*i - 1. Calculate r(n).
-6
Let f(g) be the third derivative of -g**4/24 - 7*g**3/2 - 7*g**2. Let b be f(-15). Let p(i) = 8 + 5*i - 3*i + 1. Calculate p(b).
-3
Let j(w) be the second derivative of 5*w**4/12 + w**2/2 - 4*w - 19. Let l = 2 + -3. What is j(l)?
6
Let v = -946 - -946. Let w(d) = d. Let j be w(2). Let c(s) = 0 - s + j + 2. Determine c(v).
4
Let b(h) = -20*h + 53. Let r(s) = -7*s + 18. Let i(t) = 6*b(t) - 17*r(t). Let a = -74 + 84. Let j be i(a). Let f(d) = d**2 - 2*d - 2. What is f(j)?
-2
Let h(n) be the second derivative of -n**5/20 - 7*n**4/12 - 4*n**3/3 - 3*n**2 + 6*n - 40. Determine h(-5).
-16
Let k(c) be the third derivative of 11*c + 1/60*c**5 + 3*c**2 + 0 + 1/6*c**4 - 5/6*c**3. Determine k(-5).
0
Suppose -s = -0*s - 2. Let l(w) = 2*w**3 - 3*w**3 + s*w + 4 - 2*w**2 - w**2. Let o(c) = 144*c - 8643. Let t be o(60). Calculate l(t).
-2
Let n be (-1)/2 - 6*5/20. Let z(s) = 4 + s + 0*s - 2*s. Let q(b) = -6*b + 21. Let f(w) = -2*q(w) + 11*z(w). Give f(n).
0
Let v(u) be the second derivative of -2*u**5/5 + u**3/3 - u**2/2 - 175*u. Calculate v(2).
-61
Let g be (-2 - -6) + 4/4. Suppose 3*f - 11 = -g. Suppose -f*d - 2*d - 20 = 0. Let i(t) = t**2 + 3*t - 5. Determine i(d).
5
Let o be (2/(-1) - 4)/((-24)/368). Suppose o = -6*w + 56. Let j(f) = -f**3 - 5*f**2 + 3*f + 4. Determine j(w).
22
Let g(p) = 3*p**3 + 1. Let h = 148 + -147. Calculate g(h).
4
Let u(x) = -9 + 5 - 3 + 18*x + 12. Calculate u(3).
59
Let p(i) = -i + 1. Let b(d) be the third derivative of d**4 - 8*d**3/3 - 8*d**2. Let x(k) = -b(k) - 16*p(k). Determine x(1).
-8
Let s be (12/(-10))/(-1 - (-21)/30). Let b(a) = 6*a**3 + 11*a - 8. Let m(t) = 5*t**3 - t**2 + 10*t - 7. Let k(h) = s*b(h) - 5*m(h). Calculate k(4).
-5
Let c(x) = -5*x - 69. Let z be c(-14). Let v(k) = k - 2*k + 9*k - 1. What is v(z)?
7
Let d(h) = 3*h - 3. Let k = -36 - -39. Suppose i = k*y - i - 17, -4*y - 4*i = 4. What is d(y)?
6
Suppose -2*c + 8 = -4*i, -2*i + 3*c - 45 = -37. Let x(g) = 16*g**3 - g**2 + 1. Determine x(i).
-16
Let p(w) = -w**2 + 22*w + 2. Let x be p(22). Suppose -x*c = -c - 3. Let f(d) = 2*d - 3. What is f(c)?
3
Let a(z) = 0 - 1 + 494*z - 2 - 248*z - 249*z. Determine a(-3).
6
Let d(y) = 2*y - 1. Let l be (-4)/15*(-15)/(-10)*-10. Determine d(l).
7
Let c(v) = -10*v**3 - 39*v**2 + 45*v + 33. Let a(d) = -3*d**3 - 13*d**2 + 15*d + 11. Let s(w) = 7*a(w) - 2*c(w). What is s(-14)?
-3
Suppose -v - v + 6 = 0. Let i(o) = 10*o**3 + 5*o**2 + o + 28. Let c(j) = -j**3 - j**2 - 3. Let w(k) = -9*c(k) - i(k). What is w(v)?
5
Let l(y) = y**2 + 7*y - 6. Let c = 484 - 492. What is l(c)?
2
Let b be ((-780)/(-40))/((-6)/32). Let j = -97 - b. Let x(i) = -i**3 + 6*i**2 + 9*i - 10. Determine x(j).
4
Let b(c) = -3*c**2 + c + 21. Let n be b(-2). Let x(k) = 7*k - 4. Determine x(n).
45
Let x(a) = a**3 - 10*a**2 - a + 10. Suppose -3*i = -2*u - 34, 19*u + 8 = 15*u. What is x(i)?
0
Let g(r) = 10*r + 5. Let h be g(0). Suppose -4*z - 1 + h = 0. Let f(n) be the third derivative of -n**4/24 + n**3/6 + n**2. Determine f(z).
0
Let d be (-8)/36 + (-65)/(-9). Let u(q) = -d*q + q**2 - 7*q**2 + 4*q**2 + 7 + q**2. What is u(-6)?
13
Let s(f) be the second derivative of -f**4/6 - f**3/2 - f**2 + 4*f - 8. Let k(o) = -o**3 - 2*o**2 - o - 2. Let v be k(0). Calculate s(v).
-4
Let v(b) = -24*b - 1. Let z = 8 - 5. Suppose z = -8*a - 5. Determine v(a).
23
Let h(b) = -b**2 + b - 6. Let f be 0/(1/(-1) + 0) - -10. Suppose -f*p - p = -6*p. Calculate h(p).
-6
Let x(o) be the third derivative of -o**5/60 - 5*o**4/12 - 13*o**3/6 - 247*o**2. Calculate x(-9).
-4
Let d(i) = -i**3 - 2*i**2 + i + 1. Let x be 2 - (-5)/20*-4. Suppose n + 2*n - 5*q + 8 = 0, 0 = -2*n - 3*q + x. Calculate d(n).
-1
Let a(z) = -6*z**2 + 3*z - 2. Let q(l) = -5*l**2 + 3*l - 1. Let j(r) = 4*a(r) - 5*q(r). Determine j(3).
-3
Let d be ((-2)/(-10) + (-77)/110)*-10. Let i(g) = d*g - 2*g**3 - 2 + g - 7*g + g**3. Calculate i(-2).
8
Let u(s) be the first derivative of -s**4/4 - 11*s**3/3 - s**2/2 - 4*s + 100. Determine u(-11).
7
Let s(w) = -w**3 + 6*w**2 - 5*w - 4. Let h be (-9)/45 - ((-123)/15 + 3). What is s(h)?
-4
Let p(i) = i**3 + i**2 - 4*i + 1. Let x(o) = o**3 + 5*o**2 - 5*o + 8. Let w be x(-6). Let h be 0 + w + 1 + 3. Let u be ((-4)/h)/(2/9). What is p(u)?
-5
Let x(s) = 10*s - 3. Let p = -173 + 175. Determine x(p).
17
Let c(m) = 3*m**3 + 6*m**2 + 10. Let s(i) = -7*i**3 - 11*i**2 - 21. Let z(t) = -9*c(t) - 4*s(t). What is z(10)?
-6
Let k(t) = -t**2 + 15*t - 9. Suppose -313 - 47 = -45*c. Calculate k(c).
47
Suppose 7*k = 3*k + 60. Let y(r) = -k*r - 14*r + 28*r - 7. Determine y(-4).
-3
Let v = 6 + -4. Let r = -11 + 45. Let s(w) = r + w**2 - 34 + w. Calculate s(v).
6
Let i(x) = x + 2. Let p = 990 + -986. Calculate i(p).
6
Let x(z) = z**2 + 7*z - 10. Let f(j) = 2*j**2 + 10*j - 7. Let p be f(-5). Let o(s) = 2*s**2 + 17*s + 13. Let h be o(p). Determine x(h).
-2
Let k(y) = y**3 + 11*y**2 - y - 7. Let c be k(-11). Let d(a) = 4*a + 2*a - c*a + 1 - 3. Determine d(7).
12
Suppose w + 9 = -2*w. Let h(x) = -10*x - 5. Let i(r) = -7*r - 3. Let g(y) = -5*h(y) + 7*i(y). Give g(w).
1
Suppose -4*t - c - 2*c - 4 = 0, t - 4 = -2*c. Let k(b) 